-aa529?
a7462
In base 7, what is -20355 - 12603?
-33261
In base 15, what is -bcbbbc + -2?
-bcbbbe
In base 16, what is 19c2c42 - 4?
19c2c3e
In base 6, what is -54541424210 - -1?
-54541424205
In base 13, what is 1872b57 + 1?
1872b58
In base 15, what is -8 + 5644e?
56446
In base 11, what is 1379 + 15aa2?
17370
In base 12, what is 1ba690 - 0?
1ba690
In base 7, what is 13416031 - 11?
13416020
In base 9, what is -36 - -1053017?
1052871
In base 6, what is -43 + -55544453?
-55544540
In base 15, what is 1a67b29 - 2?
1a67b27
In base 14, what is -153d1 - 2a7?
-15698
In base 7, what is 36 + 305411?
305450
In base 4, what is -23123311102212 - 0?
-23123311102212
In base 7, what is 212 + -10062605?
-10062363
In base 6, what is -12 + 523313120?
523313104
In base 13, what is -1 - 12052951?
-12052952
In base 3, what is -10022211102021 + 111?
-10022211101210
In base 16, what is -7 - 479711d?
-4797124
In base 7, what is 21333 - 5166?
13134
In base 15, what is -5003ac - 27?
-5003d4
In base 16, what is 6539e88 - 0?
6539e88
In base 14, what is 1d + -56213?
-561d4
In base 13, what is -4a7936 - -39?
-4a78ca
In base 2, what is -1 + 1011011100111111000110011?
1011011100111111000110010
In base 3, what is 11111122112022 - -212?
11111122120011
In base 15, what is -2d602 - -127?
-2d4ca
In base 16, what is -2 + -231b50?
-231b52
In base 16, what is cc + -454b55?
-454a89
In base 16, what is -5559ee + 5?
-5559e9
In base 3, what is 1000011 - -20010001012?
20011001100
In base 9, what is -2477423 - 64?
-2477487
In base 12, what is -1a + b121b83?
b121b65
In base 4, what is -20012223 - -10221?
-20002002
In base 14, what is 0 - 4501ca0?
-4501ca0
In base 10, what is -1560879 + 11?
-1560868
In base 15, what is ebe729 + 4?
ebe72d
In base 14, what is 2a - -208ac2?
208b0c
In base 8, what is -21600 + 35?
-21543
In base 15, what is -33bdb - ca?
-33cb6
In base 4, what is -210030031322 - -2?
-210030031320
In base 8, what is 576 - -40553?
41351
In base 10, what is 291343 - -20?
291363
In base 3, what is -10 + -102101001202000?
-102101001202010
In base 2, what is 111011000100100000001110 + 10101?
111011000100100000100011
In base 2, what is 1 + -11001001100101000110111000?
-11001001100101000110110111
In base 3, what is 121102 - 210202002?
-210010200
In base 10, what is 32 - -1607783?
1607815
In base 16, what is -109 + 8ecf?
8dc6
In base 9, what is 208746058 + -4?
208746054
In base 10, what is -68557450 + 0?
-68557450
In base 9, what is 221 - -657834?
658155
In base 2, what is -100 - -1011010010110000110000?
1011010010110000101100
In base 14, what is 2214 - bd6?
141c
In base 16, what is 12 - 349a7e?
-349a6c
In base 7, what is -10326405 + -23?
-10326431
In base 13, what is -13a + -4024?
-4161
In base 14, what is 1 + 79b11?
79b12
In base 15, what is 17ac + 338?
1ae5
In base 14, what is -259 + -5213b?
-52396
In base 7, what is 5411 - -4134?
12545
In base 10, what is 14561 + -2053?
12508
In base 5, what is 20424303222 - -1?
20424303223
In base 9, what is -53 - 1162407?
-1162461
In base 5, what is 4 + -12023123324?
-12023123320
In base 10, what is -6 - -681705?
681699
In base 16, what is -34154 - 38?
-3418c
In base 8, what is -24534 - -36?
-24476
In base 13, what is 4 - 52418c5?
-52418c1
In base 9, what is -1010760 + -48?
-1010818
In base 10, what is -6894 - -579?
-6315
In base 16, what is -67d5 + -23?
-67f8
In base 8, what is -243763 + -114?
-244077
In base 5, what is 1321 + 3244041?
3300412
In base 15, what is 23 - 6e198d?
-6e196a
In base 7, what is 13 - -106134?
106150
In base 6, what is 311 - 201340?
-201025
In base 6, what is -33151 + 14052?
-15055
In base 16, what is 23 - -55c7a?
55c9d
In base 3, what is -21 + 21100122222011220?
21100122222011122
In base 4, what is -2111032222 - 12?
-2111032300
In base 12, what is -26a87 - -7?
-26a80
In base 9, what is -56451 - -331?
-56120
In base 6, what is -140214423425 + 2?
-140214423423
In base 5, what is 1 - -12120342033?
12120342034
In base 13, what is ca37 - -8365?
1809c
In base 16, what is -43a8 + 3d?
-436b
In base 10, what is 3521 - 3310?
211
In base 11, what is 4206 - -276a?
6975
In base 9, what is -11812 - 2088?
-14011
In base 9, what is 22781474 - 5?
22781468
In base 5, what is 1033344 - 1004313?
24031
In base 15, what is -1c7 + -175123?
-1752ea
In base 16, what is 3 - 133b48?
-133b45
In base 7, what is 12124126 - 3?
12124123
In base 8, what is 60 + -1502317?
-1502237
In base 15, what is -2 + -35e04e?
-35e051
In base 7, what is 131342 - 30261?
101051
In base 8, what is 3 + 252571742?
252571745
In base 8, what is -25777 - 171020?
-217017
In base 2, what is -1 + 101111101111001011010011?
101111101111001011010010
In base 15, what is -1ec89297 - 3?
-1ec8929a
In base 5, what is -40321131111 - 4?
-40321131120
In base 7, what is -2640 + 213610?
210640
In base 2, what is -11000110 - 110001100010110011?
-110001100101111001
In base 7, what is -15 + 1100560?
1100542
In base 14, what is -1447825 + 5?
-1447820
In base 5, what is -1110 - 1212220214?
-1212221324
In base 13, what is -2 - aa7584?
-aa7586
In base 13, what is 1340 - 5537?
-41c7
In base 14, what is 305b + 5bbd?
8c3a
In base 5, what is 10 + -2304320320?
-2304320310
In base 2, what is 10000011 + -111010110111000?
-111010100110101
In base 9, what is -130 - 768335?
-768465
In base 9, what is 0 + 10483302?
10483302
In base 14, what is a9b + -77c87?
-771ca
In base 16, what is 30699c - -a?
3069a6
In base 16, what is 5ca + 3c6d?
4237
In base 11, what is 473 + 12500?
12973
In base 14, what is 420d8 + -265?
41c73
In base 16, what is -e + -18a35e?
-18a36c
In base 14, what is -6 - 1205c1d?
-1205c25
In base 15, what is b56c00 - -5?
b56c05
In base 3, what is -112220021 + 10022112?
-102120202
In base 6, what is 531 - 1541314?
-1540343
In base 3, what is 2 - -10200122110120222?
10200122110121001
In base 4, what is -2202 - -20322?
12120
In base 3, what is -122111010010 - -1210122?
-122102022111
In base 8, what is -701374 - -5?
-701367
In base 4, what is 1 + -122312003000?
-122312002333
In base 10, what is 7032 + -57052?
-50020
In base 5, what is -2013142432 + 10?
-2013142422
In base 12, what is 20 - 458322?
-458302
In base 7, what is 2230434 - -610?
2231344
In base 3, what is 12 + -122202022021210?
-122202022021121
In base 13, what is -5 + 6c8cac?
6c8ca7
In base 5, what is -1440324 - 2424243?
-4420122
In base 6, what is 250034054 - 1?
250034053
In base 4, what is 3113112331 - -11?
3113113002
In base 2, what is 11101 + -10110000101111100100?
-10110000101111000111
In base 5, what is -11100232344 + 3?
-11100232341
In base 13, what is 1032a - 36?
102c4
In base 15, what is 5a2584e + 0?
5a2584e
In base 9, what is 1043 - -232011?
233054
In base 13, what is -5 - 788c90?
-788c95
In base 2, what is 111100100111111111110 - -10?
111100101000000000000
In base 2, what is -10000001101001011011000 - 10001?
-10000001101001011101001
In base 10, what is -12799728 - 0?
-12799728
In base 3, what is -11221 - 1110100211110?
-1110101000101
In base 10, what is -1094 - 1059?
-2153
In base 9, what is -153771 + -2445?
-156326
In base 12, what is 4 - -15b7b5b8?
15b7b600
In base 14, what is -419 + -176a?
-1b85
In base 10, what is -2 - -1065830?
1065828
In base 12, what is 7 - -9117b4a?
9117b55
In base 7, what is 15256 + 410?
15666
In base 13, what is c060743 + -1?
c060742
In base 15, what is 1 - 29c8293?
-29c8292
In base 8, what is 5 + 37304073?
37304100
In base 10, what is 10662 + 28312?
38974
In base 11, what is 1273173a + -5?
12731735
In base 2, what is -111 + 10101001011001000100000?
10101001011001000011001
In base 15, what is 504a6b - -41?
504aac
In base 11, what is 47 + -226752?
-226706
In base 16, what is -40fbb - -c44?
-40377
In base 12, what is -5525 - -17?
-550a
In base 16, what is 18090 - 48?
18048
In base 2, what is 11111100 - 1000000100110101?
-1000000000111001
In base 12, what is -3220 + -2baa?
-620a
In base 6, what is -1314423 - -102?
-1314321
In base 9, what is 7565 + -3203?
4362
In base 14, what is -4 - -31c138c?
31c1388
In base 3, what is -1011220 + 110201211?
102112221
In base 14, what is 156d - -105a?
25c9
In base 5, what is -3303 - 343123?
-401431
In base 10, what is -8963789 - 0?
-8963789
In base 11, what is -700235 + -14?
-700249
In base 4, what is 10310012 + -102120?
10201232
In base 4, what is -1310 - 301212?
-303122
I